{"id":216,"date":"2024-10-02T06:42:33","date_gmt":"2024-10-02T04:42:33","guid":{"rendered":"https:\/\/duramingui.com\/?page_id=216"},"modified":"2024-10-02T07:25:34","modified_gmt":"2024-10-02T05:25:34","slug":"a-propos","status":"publish","type":"page","link":"https:\/\/duramingui.com\/index.php\/a-propos\/","title":{"rendered":"\u00c0 propos"},"content":{"rendered":"\n<p>DuraMin est une entreprise cr\u00e9e en 2024, sp\u00e9cialis\u00e9e dans la Gestion de<br>l\u2019environnement, la G\u00e9ologie, la planification Mini\u00e8re, Sant\u00e9 et S\u00e9curit\u00e9 au Travail, le<br>traitement, la valorisation et le recyclage des d\u00e9chets non dangereux, la cartographie<br>et topographie et la s\u00e9curit\u00e9 mini\u00e8re . L\u2019entreprise est aussi sp\u00e9cialis\u00e9e dans la<br>formation, les d\u00e9marches mini\u00e8res et l\u2019interpr\u00e9tation et la traduction des documents.<br>Afin de r\u00e9pondre aux attentes de ses clients, DuraMin propose une tr\u00e8s large gamme<br>de services couvrant plusieurs besoins dans le secteur tertiaire pour les entreprises<br>Mini\u00e8re, les OMGs, les BTP et les institutions publiques. En tant qu\u2019entreprise<br>adapt\u00e9e, son objectif principal est fournir des services sp\u00e9cialis\u00e9s et adapt\u00e9s aux<br>besoins.<br>Avec plus d\u2019une vingtaine de consultants et experts nationaux et internationaux, la<br>soci\u00e9t\u00e9 est en capacit\u00e9 de r\u00e9pondre aux attentes de ses clients sur l\u2019ensemble de<br>son domaine d\u2019expertise cit\u00e9s plus haut.<br>DuraMin travaille en partenariat \u00e9troit avec les bureaux d\u2019\u00e9tudes nationaux et<br>internationaux, des ONG nationaux et internationaux, des laboratoires comp\u00e9tents et<br>des consultants ind\u00e9pendants renomm\u00e9s , ce qui lui permet de r\u00e9aliser sur demande<br>des audits et \u00e9tudes techniques sur site, offrant au clients les solutions les plus<br>adapt\u00e9es.<\/p>\n\n\n\n<h2 class=\"wp-block-heading\">Nos Valeurs<\/h2>\n\n\n\n<p>Nous croyons \u00e0 la force de l\u2019humain et nous cultivons de valeurs innovatrices, de<br>solidarit\u00e9 et d\u2019excellence \u00e0 travers des engagements de l\u2019entreprise.<br>Engager dans notre vision de d\u00e9veloppement durable, nous aspirons \u00e0 limiter<br>drastiquement l\u2019emploi des ressources de la plan\u00e8te et de prot\u00e9ger l\u2019environnement.<\/p>\n\n\n\n<figure class=\"wp-block-image size-full\"><img loading=\"lazy\" decoding=\"async\" width=\"749\" height=\"611\" src=\"http:\/\/duramingui.com\/wp-content\/uploads\/2024\/10\/Weixin-Image_20240817114053.png\" alt=\"\" class=\"wp-image-220\" srcset=\"https:\/\/duramingui.com\/wp-content\/uploads\/2024\/10\/Weixin-Image_20240817114053.png 749w, https:\/\/duramingui.com\/wp-content\/uploads\/2024\/10\/Weixin-Image_20240817114053-300x245.png 300w\" sizes=\"auto, (max-width: 749px) 100vw, 749px\" \/><\/figure>\n","protected":false},"excerpt":{"rendered":"<p>DuraMin est une entreprise cr\u00e9e en 2024, sp\u00e9cialis\u00e9e dans la Gestion del\u2019environnement, la G\u00e9ologie, la planification Mini\u00e8re, Sant\u00e9 et S\u00e9curit\u00e9 au Travail, letraitement, la valorisation et le recyclage des d\u00e9chets non dangereux, la cartographieet topographie et la s\u00e9curit\u00e9 mini\u00e8re . L\u2019entreprise est aussi sp\u00e9cialis\u00e9e dans laformation, les d\u00e9marches mini\u00e8res et l\u2019interpr\u00e9tation et la traduction des [&hellip;]<\/p>\n","protected":false},"author":1,"featured_media":0,"parent":0,"menu_order":0,"comment_status":"closed","ping_status":"closed","template":"","meta":{"footnotes":""},"class_list":["post-216","page","type-page","status-publish","hentry"],"_links":{"self":[{"href":"https:\/\/duramingui.com\/index.php\/wp-json\/wp\/v2\/pages\/216","targetHints":{"allow":["GET"]}}],"collection":[{"href":"https:\/\/duramingui.com\/index.php\/wp-json\/wp\/v2\/pages"}],"about":[{"href":"https:\/\/duramingui.com\/index.php\/wp-json\/wp\/v2\/types\/page"}],"author":[{"embeddable":true,"href":"https:\/\/duramingui.com\/index.php\/wp-json\/wp\/v2\/users\/1"}],"replies":[{"embeddable":true,"href":"https:\/\/duramingui.com\/index.php\/wp-json\/wp\/v2\/comments?post=216"}],"version-history":[{"count":3,"href":"https:\/\/duramingui.com\/index.php\/wp-json\/wp\/v2\/pages\/216\/revisions"}],"predecessor-version":[{"id":229,"href":"https:\/\/duramingui.com\/index.php\/wp-json\/wp\/v2\/pages\/216\/revisions\/229"}],"wp:attachment":[{"href":"https:\/\/duramingui.com\/index.php\/wp-json\/wp\/v2\/media?parent=216"}],"curies":[{"name":"wp","href":"https:\/\/api.w.org\/{rel}","templated":true}]}}